 = 12, -c = 2*p + 2 - 0. What is the greatest common divisor of 18 and c?
2
Suppose -5*s + 88 = -4*d + 3*d, 0 = s + 2*d - 11. What is the highest common divisor of 17 and s?
17
Let o = -42 + 94. Calculate the greatest common factor of o and 52.
52
Suppose 6*d - 103 = -43. What is the highest common factor of d and 100?
10
Let o = 21 + 9. What is the highest common factor of o and 90?
30
Let n be (-1)/(-4) + (-105)/(-12). Suppose 0 = 3*j + 4*l + 3 + n, 3 = 2*j - l. Suppose j = f - 23 - 7. What is the greatest common factor of f and 20?
10
Let p(j) = 2*j**2 + 3*j + 1. Let h be p(-5). Suppose 0 = -2*w + h. Calculate the greatest common factor of w and 6.
6
Suppose q = 2*s - 0*s - 74, -3*s + 3*q = -114. What is the greatest common factor of s and 24?
12
Suppose 4*r = b + 6, 4 = b - 3*b + 4*r. Calculate the greatest common factor of b and 2.
2
Let w(x) = 3*x**3 - 2*x**2 - 5*x + 4. Let r be w(3). Let h = -10 + r. Calculate the highest common factor of 6 and h.
6
Suppose 2*w = 5*v + 14, -5*v + 28 = -0*w + 4*w. What is the greatest common divisor of 119 and w?
7
Let k(w) = 3*w**2 + 2*w - 7. Let i be k(5). Let v be (3 + 0)/((-15)/(-260)). Calculate the highest common factor of v and i.
26
Let j(a) = -a**3 - 5*a**2 - 7*a - 6. Suppose 0*i + 4*i = -2*f - 32, i = 4*f + 19. Let s be j(f). Calculate the highest common factor of s and 9.
9
Let n(z) = z + 10. Let y be n(5). What is the highest common factor of 105 and y?
15
Let a be 3*(-4 + (-47)/(-3)). What is the greatest common factor of a and 7?
7
Let t = 23 + 34. Suppose 5*w = 2*w + t. What is the greatest common divisor of w and 38?
19
Let q(y) = -y + 3. Let u(k) = -k**3 - 8*k**2 - 7*k - 6. Let t be u(-7). Let x be q(t). Calculate the greatest common factor of x and 45.
9
Suppose -96 = -5*w + w + 2*v, -5*v = -5*w + 115. Suppose y + w = -4*y, -4*k + 4*y + 32 = 0. What is the greatest common divisor of 6 and k?
3
Suppose -4*l + 5 = 3*w, 0*l + 5*l + 4*w = 7. Let y be (1 - (l + -1)) + 7. Calculate the greatest common factor of y and 110.
10
Let i(s) = -s**2 + 10*s - 16. Let q be i(7). Suppose -3*n = q*m - 335, 3*n - 2*m = 2*m + 299. What is the greatest common divisor of 15 and n?
15
Let l be ((-3)/6)/((-3)/18). Let p(u) = -3 + 0 + 2*u**2 + 12*u - l - 3*u. Let v be p(-8). What is the greatest common divisor of v and 20?
10
Let v(s) = s**3 - 6*s**2 - 2*s + 3. Let y be v(7). Calculate the greatest common divisor of y and 57.
19
Let f(p) = p**2 + 6*p - 3. Let m be f(-8). What is the highest common divisor of 104 and m?
13
Let f = -145 - -208. Calculate the greatest common factor of f and 9.
9
Let l = 32 - 18. Calculate the highest common divisor of l and 28.
14
Let b(h) = -h**2 + 23*h + 31. Let x be b(23). Calculate the greatest common divisor of x and 93.
31
Let y(z) = 2*z + 54. Let a be y(-20). Calculate the greatest common divisor of 112 and a.
14
Suppose 2*n - n = 2. Suppose -n*t + 2*p + 86 = t, 4*t + 3*p = 92. Suppose 3*k + 52 = 7*k. Calculate the highest common divisor of t and k.
13
Suppose -29 + 1 = -4*m. Let x be 6/(-24) - 26/(-8). Suppose -x*f + 1 + 41 = 0. Calculate the greatest common factor of f and m.
7
Let r be 1 + 4 + 0 + 1 + -5. Calculate the greatest common factor of 4 and r.
1
Let g be 12/9*(-4 - -10). Calculate the greatest common factor of 32 and g.
8
Let x(v) be the first derivative of -v**3/3 + 4*v**2 + 3. Let c be x(8). Suppose c = -3*l + 6*l - 66. Calculate the highest common factor of 2 and l.
2
Suppose -v = 4*v + 5*g - 55, 0 = 2*g. Let l = 3 - 5. Let f = l + v. Calculate the highest common divisor of 63 and f.
9
Suppose 0 = f + 1. Let r be (2 + f)/((-6)/(-12)). Suppose -4*p + 2*o + 67 = -o, 3*o + 3 = 0. Calculate the highest common factor of p and r.
2
Let o(h) = 6*h - 7. Let k be o(3). Calculate the greatest common divisor of k and 88.
11
Let g(c) = 8*c - 2. Let k be g(4). Suppose -3*d + 3 = -k. Suppose -f = 2*o - 19, o = 4*f + 3*o - 52. Calculate the highest common divisor of f and d.
11
Suppose 20 = 2*a + 3*a. Suppose -2*h = -a*h + 28. Suppose q + 5*g = 2*q - 34, -2*q - 4*g = -12. Calculate the highest common divisor of h and q.
14
Suppose 4*f - 5*f = -3. Suppose -2*m - 122 = -5*g, -m = -f*g - 4*m + 69. What is the greatest common divisor of 264 and g?
24
Let h = 97 - 43. Suppose 0 = -5*t - 5*x + 15, -4*x + 2 = 3*t - 2. Let g be ((-3)/12 - -1)*t. What is the greatest common factor of g and h?
6
Suppose -3*h - 1 = -25. What is the highest common factor of h and 4?
4
Suppose -2*z + 0*z + 86 = 0. Suppose 2*n + z = 187. Calculate the greatest common divisor of 8 and n.
8
Let w be 8/(-1) + 4 - -19. Calculate the greatest common divisor of w and 10.
5
Let i = 37 + -21. Suppose 4*r - 264 - 312 = 0. Calculate the highest common factor of i and r.
16
Let h be (-3)/10*30/(-4)*28. What is the highest common divisor of h and 42?
21
Suppose -3*q = -7 + 1. Suppose -q*j = -3*x + x - 4, 12 = 5*j - 4*x. What is the highest common divisor of 4 and j?
4
Let m(w) = w**3 - 20*w**2 - 19*w - 36. Let x be m(21). What is the greatest common factor of x and 18?
6
Let g = 1 + 1. Let z be ((-24)/(-4))/2*g. What is the greatest common factor of z and 6?
6
Let z = -5 - -9. Let t = -8 - -6. Let l be t/(z/(-26)) + 2. Calculate the highest common factor of 45 and l.
15
Let z(y) = y**3 + 6*y**2 - 10*y - 4. Let d(g) = -g. Let n be d(0). Let f be (-5 - -2 - n) + -4. Let m be z(f). What is the greatest common factor of 187 and m?
17
Let a(y) = -y**3 + 8*y**2 + 4*y - 20. Let i be a(8). Calculate the greatest common divisor of i and 48.
12
Let i = -7 - -32. Suppose -5*o = 5*z - i, -3*o + 13 = 2*z + 2. Let c be (-21 + o)/(-1)*1. Calculate the greatest common divisor of c and 10.
10
Suppose -4*k + 124 = 3*l, 6*k - 4*l = 2*k + 96. What is the greatest common divisor of 14 and k?
14
Suppose l + 90 = -4*r, 2*l + r - 80 = 3*l. Let k = 56 + l. Let q = k + 43. Calculate the greatest common divisor of 153 and q.
17
Let c(f) = -f**3 - 3*f**2 + f + 1. Let a be c(-3). Let o be 4/((-8)/(-102)) + a. Let t = 17 + -10. What is the greatest common factor of o and t?
7
Let v = -23 - -49. Let d = 5 + -3. Suppose -i = 4*t - 51, -4*t - 80 + 14 = -d*i. Calculate the highest common factor of i and v.
13
Suppose 0*k = k - 6. Let g be (-3)/(k/4) + 154. Suppose 0 = -2*h + 29 + 9. What is the greatest common factor of g and h?
19
Let n(j) = 2*j**2 + 4*j - 18. Let q be n(-7). What is the highest common divisor of 13 and q?
13
Suppose -2*v + 40 = 2*v. Let d be (-174)/(-15) - (-4)/v. Let j be (0 - 3) + (-2 - -11). Calculate the highest common factor of d and j.
6
Suppose 0 = 3*p + p - 208. Suppose k - 6*k - 4*t = -116, 0 = 2*k - 4*t - p. Let x = -5 + 8. What is the highest common factor of x and k?
3
Let l be (0 - -1)*(-1 - -154). Suppose -s + 13 = 2*q - 2*s, -2*s - 6 = 0. Let w(h) = 3*h + 2. Let f be w(q). Calculate the greatest common factor of l and f.
17
Suppose 7*a - 100 = 3*a. Let m = -2 - -12. Suppose -3*o + m = -o. What is the greatest common factor of o and a?
5
Suppose 0 = -3*d + 3*i + 15, 3*d - 17 = -2*d + i. Suppose 0 = d*n - r + 5*r - 74, -3*r - 81 = -3*n. Calculate the greatest common divisor of 13 and n.
13
Suppose -i + 379 = 4*t, -3*t + 290 = -6*i + i. Suppose 3*l = 5*g - t, -2*g - 3*l + 65 = 3*g. What is the highest common factor of g and 16?
16
Let z be ((-110)/8)/((-2)/16). Suppose -43 - 45 = -p. Let r = z + p. Calculate the greatest common factor of r and 18.
18
Suppose -4*k - 518 = -3*o - 114, o - k - 133 = 0. Calculate the greatest common factor of 8 and o.
8
Suppose -42 - 18 = -3*s. Suppose 4*b + 12 = -24. Let c be (b/(-6))/((-3)/(-8)). Calculate the greatest common factor of s and c.
4
Suppose 0 = -n + 8. What is the greatest common factor of n and 8?
8
Suppose -15*k + 525 = -8*k. Calculate the greatest common factor of 15 and k.
15
Let y be ((1 - 1)*-1)/(-1). Suppose -3*s + d + 0*d - 4 = 0, 2*s - 3*d + 12 = y. Suppose l = -s*l + 8. What is the highest common divisor of 72 and l?
8
Suppose 3*o - 6 - 12 = 0. Let m = -143 - -209. What is the highest common factor of o and m?
6
Let l(i) = 12*i - 5*i + 7 + 13*i + 1. Let s be l(6). Suppose 5*v - 3*f - s = -6, 5*f = v - 42. What is the greatest common divisor of v and 176?
22
Suppose 8*d = 3*d + 45. Let q(i) = i**3 - 2*i**2 - 8*i + 9. Let s be q(4). Calculate the greatest comm